a multiple of 112?
False
Is 190 a factor of 1532031456?
False
Does 3 divide 504485300?
False
Is 15458390 a multiple of 133?
False
Is 3199224783 a multiple of 60?
False
Does 6 divide 12111558?
True
Is 3265 a factor of 2275373664?
False
Is 75600672 a multiple of 27?
False
Does 47 divide 1915304708?
True
Is 1678710818 a multiple of 630?
False
Is 186395934 a multiple of 6?
True
Is 198 a factor of 38721285?
False
Is 6540597 a multiple of 197?
True
Does 7 divide 7728633?
False
Is 205 a factor of 340235835?
True
Does 46 divide 210538458?
True
Is 253 a factor of 272433689?
True
Is 497525731 a multiple of 1192?
False
Is 453640110 a multiple of 98?
False
Does 630 divide 255791340?
True
Does 23 divide 1697146540?
True
Does 4338 divide 842271195?
False
Does 9 divide 48013482?
False
Is 14977554 a multiple of 23?
True
Does 1450 divide 2218763900?
True
Is 321544421 a multiple of 194?
False
Is 47 a factor of 37958596?
False
Is 24926168 a multiple of 148?
False
Is 403 a factor of 9989900?
False
Does 48 divide 10342032?
True
Is 26347763 a multiple of 115?
False
Is 1674936547 a multiple of 74?
False
Is 5425607390 a multiple of 15530?
True
Is 6 a factor of 2502891444?
True
Is 538621200 a multiple of 78?
True
Is 254288480 a multiple of 80?
True
Is 64291740 a multiple of 17?
False
Is 2978 a factor of 795538262?
False
Is 7 a factor of 4400164722?
False
Does 2035 divide 279295610?
True
Is 3317403648 a multiple of 912?
True
Is 16 a factor of 29880440?
False
Is 662613879 a multiple of 1342?
False
Is 1287696285 a multiple of 69?
True
Is 21167184 a multiple of 140?
False
Is 833530775 a multiple of 66?
False
Does 132 divide 4018020468?
True
Does 153 divide 8123262?
False
Is 14549053 a multiple of 112?
False
Is 835 a factor of 348120235?
False
Is 3945625 a multiple of 927?
False
Is 36 a factor of 13800844?
False
Is 1819932355 a multiple of 235?
True
Does 477 divide 908736341?
False
Is 274 a factor of 4831785375?
False
Is 689 a factor of 437646599?
True
Is 991287 a multiple of 9?
True
Is 6 a factor of 11497482?
True
Is 36277207 a multiple of 1404?
False
Is 6282058654 a multiple of 614?
False
Is 1297819 a multiple of 275?
False
Does 1437 divide 1921772294?
False
Does 41 divide 77864283?
False
Does 4125 divide 73569375?
True
Is 110 a factor of 195731918?
False
Does 2347 divide 1045047474?
False
Is 222 a factor of 26009742?
True
Is 617 a factor of 15462637?
True
Does 117 divide 879827364?
True
Is 590017093 a multiple of 263?
True
Is 1090 a factor of 405907280?
True
Is 123 a factor of 1114030680?
True
Is 10799750 a multiple of 26?
True
Is 48235528 a multiple of 18?
False
Is 60178612 a multiple of 1351?
False
Is 10 a factor of 89613032?
False
Is 54186220 a multiple of 20?
True
Does 958 divide 389614038?
False
Is 742 a factor of 286198304?
True
Is 1678233504 a multiple of 10144?
True
Does 11 divide 5570801?
False
Does 26 divide 518524838?
True
Is 781 a factor of 4234905689?
False
Does 9 divide 801777515?
False
Is 39 a factor of 67909218?
True
Is 3433209912 a multiple of 692?
True
Is 258 a factor of 1835154?
True
Does 340 divide 8954955?
False
Does 169 divide 1137317948?
True
Does 81 divide 86630291?
False
Is 2335140100 a multiple of 3417?
False
Is 1539 a factor of 14485068?
True
Does 32 divide 7927764?
False
Is 88 a factor of 95470144?
True
Does 59 divide 7297002?
True
Is 5334056 a multiple of 476?
True
Is 37 a factor of 38272114?
False
Is 140121218 a multiple of 280?
False
Is 630 a factor of 27999036?
False
Is 13 a factor of 25734332?
True
Is 985 a factor of 1841360891?
False
Is 394 a factor of 949152698?
True
Does 254 divide 664976443?
False
Does 24 divide 433770528?
True
Is 4261872592 a multiple of 60?
False
Is 4439 a factor of 83435444?
True
Is 336 a factor of 33425388?
False
Is 8334185 a multiple of 99?
False
Is 2053481063 a multiple of 311?
True
Does 2935 divide 505415246?
False
Does 96 divide 274919364?
False
Is 1604773269 a multiple of 5871?
True
Does 5687 divide 659015247?
True
Does 8 divide 45986824?
True
Is 140320377 a multiple of 27?
True
Is 4774998 a multiple of 260?
False
Is 139 a factor of 610933726?
False
Is 937602608 a multiple of 8?
True
Is 272791134 a multiple of 1078?
True
Is 182 a factor of 362149939?
False
Is 151267474 a multiple of 412?
False
Is 253 a factor of 818069758?
False
Does 256 divide 527820226?
False
Is 1534396171 a multiple of 23?
True
Is 53 a factor of 1280354250?
False
Is 4898716 a multiple of 15?
False
Does 198 divide 41356656?
True
Is 15848495 a multiple of 1489?
False
Is 12 a factor of 2223482?
False
Is 17793427 a multiple of 744?
False
Is 3030 a factor of 4766193?
False
Does 1559 divide 1250073284?
False
Does 1414 divide 56418829?
False
Is 815217147 a multiple of 2799?
True
Is 42 a factor of 70854420?
True
Does 209 divide 59195906?
True
Does 1176 divide 312584328?
True
Does 91 divide 297755185?
True
Does 1115 divide 24292413?
False
Is 25 a factor of 450592402?
False
Is 224176823 a multiple of 22?
False
Is 1391539590 a multiple of 615?
True
Does 228 divide 38686140?
False
Is 410184992 a multiple of 5481?
False
Does 38 divide 33375489?
False
Is 36 a factor of 2628593745?
False
Does 58 divide 246818710?
True
Is 12297795 a multiple of 6?
False
Is 148965992 a multiple of 56?
True
Does 559 divide 304893898?
False
Is 332730379 a multiple of 37?
False
Does 829 divide 3786300819?
True
Does 17 divide 32115278?
True
Is 228 a factor of 280637890?
False
Does 130 divide 4535763050?
True
Is 935 a factor of 1727148830?
True
Is 256003324 a multiple of 1501?
False
Is 6 a factor of 19103715?
False
Is 14 a factor of 19468988?
True
Is 23 a factor of 133979347?
True
Does 134 divide 78789036?
False
Is 871780415 a multiple of 5?
True
Does 4 divide 2237194088?
True
Is 26024056 a multiple of 3?
False
Is 1420 a factor of 1392119720?
True
Does 3055 divide 451370140?
True
Is 2440 a factor of 2667964320?
True
Does 137 divide 47278547?
False
Is 2 a factor of 39311469?
False
Is 236 a factor of 105396204?
False
Is 1038 a factor of 12661782?
False
Is 49 a factor of 28420882?
True
Is 110 a factor of 37783778?
False
Is 22 a factor of 2199699?
False
Is 13976907 a multiple of 833?
True
Is 10129128 a multiple of 4?
True
Is 4 a factor of 116953984?
True
Is 171220095 a multiple of 9?
True
Is 83409840 a multiple of 2480?
True
Is 128 a factor of 4051159552?
True
Does 4621 divide 3988278817?
True
Is 3483352 a multiple of 8?
True
Does 138 divide 181135901?
False
Does 5 divide 6459742?
False
Does 90 divide 53674628?
False
Does 167 divide 772511779?
False
Is 148184122 a multiple of 5?
False
Is 223348671 a multiple of 2457?
True
Is 3 a factor of 1237228952?
False
Is 1634843879 a multiple of 309?
False
Is 688660050 a multiple of 2483?
True
Does 51 divide 682003092?
False
Does 169 divide 3716133902?
True
Is 1217 a factor of 414364605?
False
Is 16892185 a multiple of 1817?
False
Does 18 divide 58931550?
True
Does 17 divide 406027830?
True
Is 16 a factor of 31069275?
False
Is 663174700 a multiple of 47?
True
Is 1133535970 a multiple of 4539?
False
Is 1017 a factor of 303309276?
False
Does 516 divide 2823898752?
True
Is 442 a factor of 44130248?
False
Is 4040 a factor of 2563089120?
True
Is 143237952 a multiple of 858?
True
Is 1942 a factor of 43576091?
False
Does 1241 divide 707562232?
False
Is 9 a factor of 20274079?
False
Is 1305 a factor of 5425010499?
False
Is 70103232 a multiple of 648?
True
Is 3286036029 a multiple of 9124?
False
Is 405321902 a multiple of 2061?
False
Is 34 a factor of 15986936?
True
Is 34 a factor of 7457594?
True
Does 29 divide 1008509174?
False
Is 347843115 a multiple of 20?
False
Does 7 divide 431889743?
False
Is 6458 a factor of 1111083280?
False
Is 63736015 a multiple of 1813?
True
Is 171221336 a multiple of 25?
False
Is 161639745 a multiple of 437?
True
Does 4 divide 850660?
True
Is 278 a factor of 4678625?
False
Does 143 divide 157474460?
True
Does 335 divide 112063865?
True
Is 2551801 even?
False
Is 1223 a factor of 1523341894?
True
Is 14068860 a multiple of 340?
True
Is 945234888 a multiple of 806?
True
Is 20867925 a multiple of 325?
True
Is 86419319 a multiple of 2108?
False
Does 2 divide 1943148?
True
Is 2 a factor of 58792387?
False
Does 8 divide 36016349?
False
Does 16 divide 1758643?
False
Is 73 a factor of 602309858?
False
Is 13485775 a multiple of